815?
1
What is the tens digit of 2963164?
6
What is the hundreds digit of 15147750?
7
What is the tens digit of 4364283?
8
What is the tens digit of 1858685?
8
What is the thousands digit of 680399?
0
What is the thousands digit of 8324281?
4
What is the hundreds digit of 31298980?
9
What is the units digit of 3539352?
2
What is the hundreds digit of 2218717?
7
What is the ten thousands digit of 1160973?
6
What is the hundred thousands digit of 10907463?
9
What is the hundreds digit of 544854?
8
What is the ten thousands digit of 95388?
9
What is the ten thousands digit of 150187?
5
What is the units digit of 1102400?
0
What is the tens digit of 1176251?
5
What is the tens digit of 4821646?
4
What is the hundreds digit of 6521193?
1
What is the units digit of 369667?
7
What is the hundreds digit of 129362?
3
What is the ten thousands digit of 283552?
8
What is the ten millions digit of 11284815?
1
What is the hundreds digit of 860459?
4
What is the units digit of 12325561?
1
What is the hundreds digit of 25739014?
0
What is the thousands digit of 201507?
1
What is the tens digit of 969962?
6
What is the hundred thousands digit of 4917716?
9
What is the hundreds digit of 1316558?
5
What is the units digit of 2473308?
8
What is the millions digit of 13149360?
3
What is the thousands digit of 120375?
0
What is the millions digit of 2446084?
2
What is the hundred thousands digit of 485879?
4
What is the units digit of 3292835?
5
What is the thousands digit of 2827916?
7
What is the thousands digit of 113732?
3
What is the hundred thousands digit of 791656?
7
What is the tens digit of 7029924?
2
What is the millions digit of 15288757?
5
What is the tens digit of 5300185?
8
What is the tens digit of 11152317?
1
What is the tens digit of 38802?
0
What is the ten thousands digit of 1105367?
0
What is the ten thousands digit of 2463088?
6
What is the hundred thousands digit of 4364404?
3
What is the ten thousands digit of 38029231?
2
What is the hundreds digit of 9383613?
6
What is the ten thousands digit of 9558820?
5
What is the hundreds digit of 16405942?
9
What is the units digit of 1361698?
8
What is the ten thousands digit of 269019?
6
What is the hundreds digit of 4149?
1
What is the millions digit of 2043497?
2
What is the ten millions digit of 40147505?
4
What is the ten thousands digit of 52309?
5
What is the millions digit of 5977653?
5
What is the tens digit of 3668449?
4
What is the hundred thousands digit of 3745851?
7
What is the ten millions digit of 20598089?
2
What is the hundreds digit of 2542923?
9
What is the tens digit of 1608275?
7
What is the thousands digit of 109691?
9
What is the tens digit of 100413?
1
What is the hundreds digit of 765057?
0
What is the hundred thousands digit of 366790?
3
What is the hundred thousands digit of 2035206?
0
What is the millions digit of 1840973?
1
What is the hundred thousands digit of 16288714?
2
What is the millions digit of 26946137?
6
What is the millions digit of 25690688?
5
What is the tens digit of 2999546?
4
What is the hundred thousands digit of 928393?
9
What is the ten thousands digit of 266165?
6
What is the thousands digit of 8446628?
6
What is the millions digit of 5541460?
5
What is the thousands digit of 107573?
7
What is the hundreds digit of 2688354?
3
What is the hundred thousands digit of 806151?
8
What is the hundred thousands digit of 2090074?
0
What is the millions digit of 1806822?
1
What is the thousands digit of 6173568?
3
What is the hundreds digit of 85710?
7
What is the ten thousands digit of 21413?
2
What is the units digit of 943271?
1
What is the tens digit of 23799472?
7
What is the hundreds digit of 645737?
7
What is the hundreds digit of 808780?
7
What is the millions digit of 1881546?
1
What is the units digit of 133089?
9
What is the hundreds digit of 2136267?
2
What is the ten thousands digit of 339119?
3
What is the thousands digit of 930410?
0
What is the units digit of 43833?
3
What is the tens digit of 1885435?
3
What is the millions digit of 7519480?
7
What is the hundreds digit of 3176097?
0
What is the hundred thousands digit of 467716?
4
What is the thousands digit of 29959?
9
What is the tens digit of 1132915?
1
What is the ten thousands digit of 4875396?
7
What is the tens digit of 14322971?
7
What is the millions digit of 1150693?
1
What is the units digit of 557161?
1
What is the hundreds digit of 101790?
7
What is the units digit of 3274322?
2
What is the ten thousands digit of 56313?
5
What is the hundreds digit of 18127?
1
What is the tens digit of 28367799?
9
What is the ten thousands digit of 13988808?
8
What is the millions digit of 1938881?
1
What is the units digit of 14875467?
7
What is the thousands digit of 13718417?
8
What is the units digit of 4071872?
2
What is the thousands digit of 172537?
2
What is the millions digit of 33962802?
3
What is the units digit of 570661?
1
What is the thousands digit of 196880?
6
What is the millions digit of 13432931?
3
What is the millions digit of 28096517?
8
What is the units digit of 44671?
1
What is the tens digit of 1015899?
9
What is the thousands digit of 521261?
1
What is the ten millions digit of 11591447?
1
What is the tens digit of 170001?
0
What is the tens digit of 45943?
4
What is the thousands digit of 44405772?
5
What is the hundreds digit of 8605857?
8
What is the tens digit of 8350?
5
What is the tens digit of 6213509?
0
What is the units digit of 29220?
0
What is the units digit of 166384?
4
What is the hundreds digit of 614971?
9
What is the units digit of 542832?
2
What is the thousands digit of 641496?
1
What is the thousands digit of 469677?
9
What is the tens digit of 1192826?
2
What is the hundreds digit of 219410?
4
What is the hundred thousands digit of 221825?
2
What is the hundreds digit of 369060?
0
What is the ten millions digit of 16252836?
1
What is the millions digit of 4958284?
4
What is the thousands digit of 1165816?
5
What is the thousands digit of 4754537?
4
What is the units digit of 459261?
1
What is the units digit of 12427135?
5
What is the hundreds digit of 594782?
7
What is the tens digit of 4244318?
1
What is the tens digit of 1275868?
6
What is the ten thousands digit of 9790665?
9
What is the millions digit of 3518684?
3
What is the tens digit of 26307?
0
What is the hundred thousands digit of 2714447?
7
What is the units digit of 25314?
4
What is the thousands digit of 15465091?
5
What is the hundreds digit of 12591931?
9
What is the hundreds digit of 119155?
1
What is the units digit of 218279?
9
What is the hundred thousands digit of 7255207?
2
What is the units digit of 1202312?
2
What is the thousands digit of 666971?
6
What is the ten thousands digit of 1230884?
3
What is the tens digit of 28920210?
1
What is the hundred thousands digit of 2689535?
6
What is the hundred thousands digit of 39313875?
3
What is the units digit of 19362?
2
What is the units digit of 539060?
0
What is the hundreds digit of 6062454?
4
What is the thousands digit of 176902?
6
What is the thousands digit of 469874?
9
What is the tens digit of 1255?
5
What is the thousands digit of 2583324?
3
What is the tens digit of 518162?
6
What is the ten thousands digit of 944993?
4
What is the tens digit of 478649?
4
What is the millions digit of 3617589?
3
What is the ten millions digit of 38272711?
3
What is the thousands digit of 3085798?
5
What is the units digit of 157829?
9
What is the hundreds digit of 8883?
8
What is the thousands digit of 231791?
1
What is the ten thousands digit of 2598367?
9
What is the hundreds digit of 9505?
5
What is the hundreds digit of 42175?
1
What is the units digit of 296233?
3
What is the thousands digit of 5458048?
8
What is the units digit of 2622993?
3
What is the tens digit of 681970?
7
What is the tens digit of 90318?
1
What is the hundreds digit of 251937?
9
What is the hundreds digit of 6669621?
6
What is the tens digit of 73211?
1
What is the hundreds digit of 2884168?
1
What is the thousands digit of 386160?
6
What is the thousands digit of 1102139?
2
What is the millions digit of 9395042?
9
What is the hundreds digit of 12833353?
3
What is the tens digit of 357934?
3
What is the ten thousands digit of 364023?
6
What is the mill